{"id":13,"date":"2023-07-28T05:47:51","date_gmt":"2023-07-28T05:47:51","guid":{"rendered":"https:\/\/hofberg-freilichttheater.de\/?page_id=13"},"modified":"2023-08-08T11:35:12","modified_gmt":"2023-08-08T11:35:12","slug":"theater","status":"publish","type":"page","link":"https:\/\/hofberg-freilichttheater.de\/?page_id=13","title":{"rendered":"Theater"},"content":{"rendered":"\n<div class=\"wp-block-group alignfull has-global-padding is-layout-constrained wp-block-group-is-layout-constrained\">\n<p>Bei der Vereinsgr\u00fcndung 1953 \u2013 also kurz nach dem zweiten Weltkrieg \u2013 entstand die Idee durch den Heimatdichter Georg Eberl, zu Ehren der Gefallenen und Vermissten aus beiden Weltkriegen ein Schauspiel auf dem&nbsp;Hofberg&nbsp;aufzuf\u00fchren. Dem ersten St\u00fcck \u201eHans von&nbsp;Schiltberg\u201c folgten in den Jahren bis 1970 in regelm\u00e4\u00dfigen Abst\u00e4nden&nbsp;weitere von Georg Eberl verfasste Schauspiele. Damals bestand die B\u00fchne nur aus zwei St\u00fctzmauern und sowohl bei den Kost\u00fcmen als auch bei Requisiten&nbsp;musste&nbsp;der Verein mit seinen damals begrenzten Mitteln und M\u00f6glichkeiten sehr findig und erfinderisch&nbsp;sein, das ganze Dorf half zusammen.<\/p>\n\n\n\n<p>Der Bau der B\u00fchnenanlage, wie sie heute zu sehen ist, begann 1977 und wurde in drei Jahren von tatkr\u00e4ftigen ehrenamtlichen Mitgliedern mit \u00fcber 10.000 geleisteten Arbeitsstunden gemeistert. Die Fertigstellung der Anlage wurde durch die Festspielsaison 1970 mit \u201eLudwig der Bayer\u201c gefeiert.<\/p>\n\n\n\n<p>Seit 1988 wird regelm\u00e4\u00dfig im Drei-Jahres-Rhythmus eine Theatersaison verwirklicht. Und der Verein entschied sich, weg von den Heimatdichtern Richtung klassischer Literatur zu gehen. So kamen seither St\u00fccke von Herrmann Mostar, Friedrich Schiller, Johann Wolfgang von Goethe und Hugo von Hofmannsthal zu Auff\u00fchrung. Mit den St\u00fccken \u201eRomeo und Julia\u201c (2003), \u201eViel L\u00e4rm um Nichts\u201c (2012) und \u201eDie lustigen Weiber von Windsor\u201c (2015) fand der&nbsp;Hofberg&nbsp;Gefallen an William Shakespeare und h\u00e4lt ihm mit der R\u00fcckkehr von \u201eRomeo und Julia\u201c im Theatersommer 2023 wieder die Treue.<\/p>\n\n\n\n<div style=\"height:69px\" aria-hidden=\"true\" class=\"wp-block-spacer\"><\/div>\n<\/div>\n\n\n\n<div class=\"wp-block-columns alignwide is-layout-flex wp-container-core-columns-is-layout-28f84493 wp-block-columns-is-layout-flex\">\n<div class=\"wp-block-column is-layout-flow wp-block-column-is-layout-flow\">\n<figure class=\"wp-block-image size-full\"><a href=\"https:\/\/hofberg-freilichttheater.de\/?p=892\"><img loading=\"lazy\" decoding=\"async\" width=\"95\" height=\"200\" src=\"https:\/\/hofberg-freilichttheater.de\/wp-content\/uploads\/2023\/08\/theater\/chronik_schauspiele\/ludwigderbayer\/ludwig_der_bayer_klein.jpg\" alt=\"\" class=\"wp-image-644\"\/><\/a><\/figure>\n\n\n\n<figure class=\"wp-block-image size-large\"><a href=\"https:\/\/hofberg-freilichttheater.de\/?p=882\"><img loading=\"lazy\" decoding=\"async\" width=\"95\" height=\"200\" src=\"https:\/\/hofberg-freilichttheater.de\/wp-content\/uploads\/2023\/08\/theater\/chronik_schauspiele\/wilhelmtell\/wilhelm_tell_klein.jpg\" alt=\"\" class=\"wp-image-838\"\/><\/a><\/figure>\n\n\n\n<figure class=\"wp-block-image size-large\"><a href=\"https:\/\/hofberg-freilichttheater.de\/?p=872\"><img loading=\"lazy\" decoding=\"async\" width=\"95\" height=\"200\" src=\"https:\/\/hofberg-freilichttheater.de\/wp-content\/uploads\/2023\/08\/theater\/chronik_schauspiele\/jedermann\/01 Jedermann_Flyer_klein.jpg\" alt=\"\" class=\"wp-image-618\"\/><\/a><\/figure>\n<\/div>\n\n\n\n<div class=\"wp-block-column is-layout-flow wp-block-column-is-layout-flow\">\n<figure class=\"wp-block-image size-full\"><a href=\"https:\/\/hofberg-freilichttheater.de\/?p=890\"><img loading=\"lazy\" decoding=\"async\" width=\"95\" height=\"200\" src=\"https:\/\/hofberg-freilichttheater.de\/wp-content\/uploads\/2023\/08\/theater\/chronik_schauspiele\/hansvonschiltberg\/hans von schiltberg_klein.jpg\" alt=\"\" class=\"wp-image-616\"\/><\/a><\/figure>\n\n\n\n<figure class=\"wp-block-image size-large\"><a href=\"https:\/\/hofberg-freilichttheater.de\/?p=880\"><img loading=\"lazy\" decoding=\"async\" width=\"95\" height=\"200\" src=\"https:\/\/hofberg-freilichttheater.de\/wp-content\/uploads\/2023\/08\/theater\/chronik_schauspiele\/goetzvonberlichingen\/gtz_von_berlichingen_klein.jpg\" alt=\"\" class=\"wp-image-585\"\/><\/a><\/figure>\n\n\n\n<figure class=\"wp-block-image size-large\"><a href=\"https:\/\/hofberg-freilichttheater.de\/?p=870\"><img loading=\"lazy\" decoding=\"async\" width=\"95\" height=\"199\" src=\"https:\/\/hofberg-freilichttheater.de\/wp-content\/uploads\/2023\/08\/theater\/chronik_schauspiele\/viel_laerm_um_nichts\/viel_laerm_klein.jpg\" alt=\"\" class=\"wp-image-766\"\/><\/a><\/figure>\n<\/div>\n\n\n\n<div class=\"wp-block-column is-layout-flow wp-block-column-is-layout-flow\">\n<figure class=\"wp-block-image size-full\"><a href=\"https:\/\/hofberg-freilichttheater.de\/?p=888\"><img loading=\"lazy\" decoding=\"async\" width=\"95\" height=\"200\" src=\"https:\/\/hofberg-freilichttheater.de\/wp-content\/uploads\/2023\/08\/theater\/chronik_schauspiele\/ottovonwittelsbach\/pfalzgraf_otto_von_wittelsbach_klein.jpg\" alt=\"\" class=\"wp-image-672\"\/><\/a><\/figure>\n\n\n\n<figure class=\"wp-block-image size-large\"><a href=\"https:\/\/hofberg-freilichttheater.de\/?p=878\"><img loading=\"lazy\" decoding=\"async\" width=\"95\" height=\"200\" src=\"https:\/\/hofberg-freilichttheater.de\/wp-content\/uploads\/2023\/08\/theater\/chronik_schauspiele\/dieraeuber\/die_rauber_klein.jpg\" alt=\"\" class=\"wp-image-564\"\/><\/a><\/figure>\n\n\n\n<figure class=\"wp-block-image size-large\"><a href=\"https:\/\/hofberg-freilichttheater.de\/?p=868\"><img loading=\"lazy\" decoding=\"async\" width=\"95\" height=\"199\" src=\"https:\/\/hofberg-freilichttheater.de\/wp-content\/uploads\/2023\/08\/theater\/chronik_schauspiele\/dielustigenweibervonwindsor\/dlwvw-01_klein.jpg\" alt=\"\" class=\"wp-image-534\"\/><\/a><\/figure>\n<\/div>\n\n\n\n<div class=\"wp-block-column is-layout-flow wp-block-column-is-layout-flow\">\n<figure class=\"wp-block-image size-large is-resized\"><a href=\"https:\/\/hofberg-freilichttheater.de\/?p=886\"><img loading=\"lazy\" decoding=\"async\" src=\"https:\/\/hofberg-freilichttheater.de\/wp-content\/uploads\/2023\/08\/theater\/chronik_schauspiele\/daswittelsbacherschwert\/das wittelsbacher schwert.jpg\" alt=\"\" class=\"wp-image-483\" width=\"95\" height=\"200\" srcset=\"https:\/\/hofberg-freilichttheater.de\/wp-content\/uploads\/2023\/08\/theater\/chronik_schauspiele\/daswittelsbacherschwert\/das%20wittelsbacher%20schwert.jpg 295w, https:\/\/hofberg-freilichttheater.de\/wp-content\/uploads\/2023\/08\/theater\/chronik_schauspiele\/daswittelsbacherschwert\/das%20wittelsbacher%20schwert-143x300.jpg 143w\" sizes=\"auto, (max-width: 95px) 100vw, 95px\" \/><\/a><\/figure>\n\n\n\n<figure class=\"wp-block-image size-large\"><a href=\"https:\/\/hofberg-freilichttheater.de\/?p=876\"><img loading=\"lazy\" decoding=\"async\" width=\"95\" height=\"200\" src=\"https:\/\/hofberg-freilichttheater.de\/wp-content\/uploads\/2023\/08\/theater\/chronik_schauspiele\/romeoundjulia\/romeojulia_klein.jpg\" alt=\"\" class=\"wp-image-732\"\/><\/a><\/figure>\n\n\n\n<figure class=\"wp-block-image size-large is-resized\"><a href=\"https:\/\/hofberg-freilichttheater.de\/?p=866\"><img decoding=\"async\" src=\"https:\/\/hofberg-freilichttheater.de\/wp-content\/uploads\/2023\/08\/theater\/RobinHood2018\/plakat_flyer_etc\/Flyer-Robin-Hood.jpg\" alt=\"\" class=\"wp-image-853\" width=\"95\"\/><\/a><\/figure>\n<\/div>\n\n\n\n<div class=\"wp-block-column is-layout-flow wp-block-column-is-layout-flow\">\n<figure class=\"wp-block-image size-large\"><a href=\"https:\/\/hofberg-freilichttheater.de\/?p=884\"><img loading=\"lazy\" decoding=\"async\" width=\"95\" height=\"200\" src=\"https:\/\/hofberg-freilichttheater.de\/wp-content\/uploads\/2023\/08\/theater\/chronik_schauspiele\/maierhelmbrecht\/maier_helmbrecht_klein.jpg\" alt=\"\" class=\"wp-image-647\"\/><\/a><\/figure>\n\n\n\n<figure class=\"wp-block-image size-large\"><a href=\"https:\/\/hofberg-freilichttheater.de\/?p=874\"><img loading=\"lazy\" decoding=\"async\" width=\"95\" height=\"200\" src=\"https:\/\/hofberg-freilichttheater.de\/wp-content\/uploads\/2023\/08\/theater\/chronik_schauspiele\/derkaufmannvonvenedig\/dkvv_klein.jpg\" alt=\"\" class=\"wp-image-531\"\/><\/a><\/figure>\n\n\n\n<figure class=\"wp-block-image size-full\"><a href=\"https:\/\/hofberg-freilichttheater.de\/?p=861\"><img loading=\"lazy\" decoding=\"async\" width=\"141\" height=\"200\" src=\"https:\/\/hofberg-freilichttheater.de\/wp-content\/uploads\/2023\/08\/theater\/Romeo_Julia_2023\/Plakat_RJ_2023_Screen_1_kl.jpg\" alt=\"\" class=\"wp-image-852\"\/><\/a><\/figure>\n<\/div>\n<\/div>\n","protected":false},"excerpt":{"rendered":"<p>Bei der Vereinsgr\u00fcndung 1953 \u2013 also kurz nach dem zweiten Weltkrieg \u2013 entstand die Idee durch den Heimatdichter Georg Eberl, zu Ehren der Gefallenen und Vermissten aus beiden Weltkriegen ein [&hellip;]<\/p>\n","protected":false},"author":1,"featured_media":0,"parent":0,"menu_order":2,"comment_status":"closed","ping_status":"closed","template":"","meta":{"_EventAllDay":false,"_EventTimezone":"","_EventStartDate":"","_EventEndDate":"","_EventStartDateUTC":"","_EventEndDateUTC":"","_EventShowMap":false,"_EventShowMapLink":false,"_EventURL":"","_EventCost":"","_EventCostDescription":"","_EventCurrencySymbol":"","_EventCurrencyCode":"","_EventCurrencyPosition":"","_EventDateTimeSeparator":"","_EventTimeRangeSeparator":"","_EventOrganizerID":[],"_EventVenueID":[],"_OrganizerEmail":"","_OrganizerPhone":"","_OrganizerWebsite":"","_VenueAddress":"","_VenueCity":"","_VenueCountry":"","_VenueProvince":"","_VenueState":"","_VenueZip":"","_VenuePhone":"","_VenueURL":"","_VenueStateProvince":"","_VenueLat":"","_VenueLng":"","_VenueShowMap":false,"_VenueShowMapLink":false,"footnotes":""},"class_list":["post-13","page","type-page","status-publish","hentry"],"_links":{"self":[{"href":"https:\/\/hofberg-freilichttheater.de\/index.php?rest_route=\/wp\/v2\/pages\/13","targetHints":{"allow":["GET"]}}],"collection":[{"href":"https:\/\/hofberg-freilichttheater.de\/index.php?rest_route=\/wp\/v2\/pages"}],"about":[{"href":"https:\/\/hofberg-freilichttheater.de\/index.php?rest_route=\/wp\/v2\/types\/page"}],"author":[{"embeddable":true,"href":"https:\/\/hofberg-freilichttheater.de\/index.php?rest_route=\/wp\/v2\/users\/1"}],"replies":[{"embeddable":true,"href":"https:\/\/hofberg-freilichttheater.de\/index.php?rest_route=%2Fwp%2Fv2%2Fcomments&post=13"}],"version-history":[{"count":17,"href":"https:\/\/hofberg-freilichttheater.de\/index.php?rest_route=\/wp\/v2\/pages\/13\/revisions"}],"predecessor-version":[{"id":895,"href":"https:\/\/hofberg-freilichttheater.de\/index.php?rest_route=\/wp\/v2\/pages\/13\/revisions\/895"}],"wp:attachment":[{"href":"https:\/\/hofberg-freilichttheater.de\/index.php?rest_route=%2Fwp%2Fv2%2Fmedia&parent=13"}],"curies":[{"name":"wp","href":"https:\/\/api.w.org\/{rel}","templated":true}]}}