{"id":89,"date":"2023-07-28T10:16:54","date_gmt":"2023-07-28T10:16:54","guid":{"rendered":"https:\/\/hofberg-freilichttheater.de\/?page_id=89"},"modified":"2023-08-04T12:54:42","modified_gmt":"2023-08-04T12:54:42","slug":"ausfluege","status":"publish","type":"page","link":"https:\/\/hofberg-freilichttheater.de\/?page_id=89","title":{"rendered":"Ausfl\u00fcge"},"content":{"rendered":"\n<div class=\"wp-block-query alignfull is-layout-flow wp-block-query-is-layout-flow\"><ul class=\"wp-block-post-template is-layout-flow wp-block-post-template-is-layout-flow\"><li class=\"wp-block-post post-344 post type-post status-publish format-standard has-post-thumbnail hentry category-ausfluege category-jugend\">\n\n<div class=\"wp-block-columns alignwide is-layout-flex wp-container-core-columns-is-layout-28f84493 wp-block-columns-is-layout-flex\">\n<div class=\"wp-block-column is-layout-flow wp-block-column-is-layout-flow\" style=\"flex-basis:66.66%\"><figure class=\"wp-block-post-featured-image\"><a href=\"https:\/\/hofberg-freilichttheater.de\/?p=344\" target=\"_self\"  ><img loading=\"lazy\" decoding=\"async\" width=\"800\" height=\"600\" src=\"https:\/\/hofberg-freilichttheater.de\/wp-content\/uploads\/2023\/08\/jugend\/ausfluge\/ausfluge_flughafen_muc_2015\/P1070523.jpeg\" class=\"attachment-post-thumbnail size-post-thumbnail wp-post-image\" alt=\"BESUCH AUF DEM M\u00dcNCHNER FLUGHAFEN\" style=\"object-fit:cover;\" srcset=\"https:\/\/hofberg-freilichttheater.de\/wp-content\/uploads\/2023\/08\/jugend\/ausfluge\/ausfluge_flughafen_muc_2015\/P1070523.jpeg 800w, https:\/\/hofberg-freilichttheater.de\/wp-content\/uploads\/2023\/08\/jugend\/ausfluge\/ausfluge_flughafen_muc_2015\/P1070523-300x225.jpeg 300w, https:\/\/hofberg-freilichttheater.de\/wp-content\/uploads\/2023\/08\/jugend\/ausfluge\/ausfluge_flughafen_muc_2015\/P1070523-768x576.jpeg 768w\" sizes=\"auto, (max-width: 800px) 100vw, 800px\" \/><\/a><\/figure><\/div>\n\n\n\n<div class=\"wp-block-column is-layout-flow wp-block-column-is-layout-flow\" style=\"flex-basis:33.33%\"><h2 class=\"wp-block-post-title\"><a href=\"https:\/\/hofberg-freilichttheater.de\/?p=344\" target=\"_self\" >BESUCH AUF DEM M\u00dcNCHNER FLUGHAFEN<\/a><\/h2>\n\n<div class=\"wp-block-post-excerpt\"><p class=\"wp-block-post-excerpt__excerpt\">HOFBERGJUGEND AM FRANZ-JOSEF STRAU\u00df FLUGHAFEN Unser Ausflug der Hofbergjugend f\u00fchrte uns an den Franz Josef Strau\u00df Flughafen Erding. Als Erstes stiegen wir auf die Ausichtsplattform und beobachteten den Flughafen von<\/p><p class=\"wp-block-post-excerpt__more-text\"><a class=\"wp-block-post-excerpt__more-link\" href=\"https:\/\/hofberg-freilichttheater.de\/?p=344\">weiterlesen<\/a><\/p><\/div><\/div>\n<\/div>\n\n<\/li><\/ul><\/div>\n","protected":false},"excerpt":{"rendered":"","protected":false},"author":1,"featured_media":0,"parent":16,"menu_order":1,"comment_status":"closed","ping_status":"closed","template":"","meta":{"_EventAllDay":false,"_EventTimezone":"","_EventStartDate":"","_EventEndDate":"","_EventStartDateUTC":"","_EventEndDateUTC":"","_EventShowMap":false,"_EventShowMapLink":false,"_EventURL":"","_EventCost":"","_EventCostDescription":"","_EventCurrencySymbol":"","_EventCurrencyCode":"","_EventCurrencyPosition":"","_EventDateTimeSeparator":"","_EventTimeRangeSeparator":"","_EventOrganizerID":[],"_EventVenueID":[],"_OrganizerEmail":"","_OrganizerPhone":"","_OrganizerWebsite":"","_VenueAddress":"","_VenueCity":"","_VenueCountry":"","_VenueProvince":"","_VenueState":"","_VenueZip":"","_VenuePhone":"","_VenueURL":"","_VenueStateProvince":"","_VenueLat":"","_VenueLng":"","_VenueShowMap":false,"_VenueShowMapLink":false,"footnotes":""},"class_list":["post-89","page","type-page","status-publish","hentry"],"_links":{"self":[{"href":"https:\/\/hofberg-freilichttheater.de\/index.php?rest_route=\/wp\/v2\/pages\/89","targetHints":{"allow":["GET"]}}],"collection":[{"href":"https:\/\/hofberg-freilichttheater.de\/index.php?rest_route=\/wp\/v2\/pages"}],"about":[{"href":"https:\/\/hofberg-freilichttheater.de\/index.php?rest_route=\/wp\/v2\/types\/page"}],"author":[{"embeddable":true,"href":"https:\/\/hofberg-freilichttheater.de\/index.php?rest_route=\/wp\/v2\/users\/1"}],"replies":[{"embeddable":true,"href":"https:\/\/hofberg-freilichttheater.de\/index.php?rest_route=%2Fwp%2Fv2%2Fcomments&post=89"}],"version-history":[{"count":4,"href":"https:\/\/hofberg-freilichttheater.de\/index.php?rest_route=\/wp\/v2\/pages\/89\/revisions"}],"predecessor-version":[{"id":355,"href":"https:\/\/hofberg-freilichttheater.de\/index.php?rest_route=\/wp\/v2\/pages\/89\/revisions\/355"}],"up":[{"embeddable":true,"href":"https:\/\/hofberg-freilichttheater.de\/index.php?rest_route=\/wp\/v2\/pages\/16"}],"wp:attachment":[{"href":"https:\/\/hofberg-freilichttheater.de\/index.php?rest_route=%2Fwp%2Fv2%2Fmedia&parent=89"}],"curies":[{"name":"wp","href":"https:\/\/api.w.org\/{rel}","templated":true}]}}